9) to base 15
-36
Convert 40 (base 7) to base 14.
20
6 (base 14) to base 5
11
Convert 146 (base 7) to base 16.
53
2 (base 7) to base 16
2
What is 38 (base 10) in base 4?
212
Convert c (base 13) to base 16.
c
-42 (base 13) to base 14
-3c
Convert -6 (base 16) to base 12.
-6
-1 (base 15) to base 11
-1
-16 (base 12) to base 11
-17
Convert -3 (base 15) to base 7.
-3
Convert 4d (base 14) to base 5.
234
Convert -2 (base 5) to base 12.
-2
What is -1000100 (base 2) in base 13?
-53
6 (base 8) to base 15
6
2 (base 12) to base 8
2
Convert 64 (base 8) to base 2.
110100
What is -44 (base 6) in base 12?
-24
Convert 2 (base 8) to base 11.
2
Convert -302 (base 5) to base 8.
-115
-65 (base 15) to base 8
-137
What is 4 (base 13) in base 14?
4
What is -9 (base 13) in base 8?
-11
Convert 0 (base 5) to base 8.
0
Convert -6 (base 8) to base 10.
-6
What is 26 (base 13) in base 6?
52
Convert -14b (base 14) to base 2.
-100000111
Convert -121 (base 4) to base 7.
-34
What is -10111 (base 2) in base 15?
-18
4a (base 13) to base 16
3e
3 (base 5) to base 11
3
Convert 343 (base 5) to base 15.
68
Convert 34 (base 14) to base 10.
46
5 (base 13) to base 6
5
What is 0 (base 8) in base 13?
0
Convert -1201 (base 4) to base 12.
-81
4 (base 7) to base 9
4
1 (base 2) to base 4
1
Convert 11 (base 5) to base 16.
6
114 (base 5) to base 6
54
What is -145 (base 10) in base 11?
-122
What is 10111101 (base 2) in base 10?
189
What is 20 (base 9) in base 4?
102
Convert 28 (base 9) to base 12.
22
Convert -100010 (base 2) to base 16.
-22
Convert 14 (base 7) to base 11.
10
-40 (base 7) to base 10
-28
-101 (base 3) to base 6
-14
What is 22 (base 4) in base 5?
20
-44 (base 7) to base 4
-200
2 (base 16) to base 15
2
Convert -6 (base 10) to base 15.
-6
37 (base 15) to base 6
124
Convert 1211 (base 3) to base 7.
100
Convert 60 (base 12) to base 14.
52
Convert -253 (base 11) to base 15.
-150
Convert 2 (base 4) to base 6.
2
What is -333 (base 4) in base 5?
-223
Convert 330 (base 4) to base 13.
48
-121 (base 8) to base 16
-51
-6 (base 9) to base 16
-6
-30 (base 6) to base 2
-10010
Convert 101110 (base 2) to base 7.
64
Convert 4 (base 10) to base 14.
4
16 (base 15) to base 12
19
Convert 3e (base 15) to base 13.
47
What is 3 (base 14) in base 4?
3
Convert 116 (base 11) to base 3.
12010
What is a (base 13) in base 5?
20
What is -12 (base 3) in base 7?
-5
10 (base 5) to base 13
5
What is -25 (base 8) in base 7?
-30
What is -10 (base 2) in base 11?
-2
What is 17 (base 14) in base 3?
210
What is 103 (base 10) in base 14?
75
Convert -175 (base 10) to base 7.
-340
-2 (base 12) to base 16
-2
What is -8 (base 9) in base 11?
-8
2 (base 7) to base 8
2
Convert 110 (base 2) to base 16.
6
What is -4 (base 7) in base 2?
-100
What is 12 (base 10) in base 12?
10
Convert 132 (base 5) to base 3.
1120
What is -6 (base 13) in base 15?
-6
What is -c8 (base 14) in base 6?
-452
What is 5c (base 16) in base 5?
332
What is 1100 (base 2) in base 3?
110
Convert -c (base 14) to base 13.
-c
Convert 120 (base 3) to base 16.
f
-11 (base 3) to base 2
-100
Convert 210 (base 3) to base 8.
25
Convert 23 (base 9) to base 10.
21
What is 2002 (base 3) in base 8?
70
What is -43 (base 7) in base 13?
-25
Convert -1 (base 2) to base 10.
-1
411 (base 7) to base 8
314
Convert -1 (base 7) to base 4.
-1
Convert -1 (base 7) to base 13.
-1
Convert -124 (base 12) to base 3.
-20101
Convert -2 (base 3) to base 12.
-2
What is 115 (base 11) in base 6?
345
Convert 32 (base 13) to base 3.
1112
-11 (base 12) to base 14
-d
Convert 216 (base 8) to base 3.
12021
What is -3 (base 11) in base 6?
-3
-74 (base 9) to base 5
-232
What is 122 (base 3) in base 8?
21
Convert -25 (base 14) to base 6.
-53
What is 6 (base 7) in base 8?
6
What is 4 (base 14) in base 7?
4
What is -8 (base 14) in base 13?
-8
7 (base 8) to base 9
7
Convert 21 (base 7) to base 12.
13
11 (base 5) to base 7
6
Convert -25 (base 6) to base 14.
-13
What is -3 (base 15) in base 2?
-11
30 (base 4) to base 14
c
What is 2 (base 11) in base 7?
2
What is 23 (base 9) in base 15?
16
Convert 40 (base 16) to base 7.
121
-123 (base 8) to base 3
-10002
What is 28 (base 16) in base 13?
31
-131 (base 9) to base 16
-6d
What is 5 (base 13) in base 10?
5
-160 (base 11) to base 13
-115
0 (base 6) to base 5
0
What is 116 (base 16) in base 8?
426
Convert 10 (base 13) to base 3.
111
Convert -1 (base 3) to base 11.
-1
What is 1 (base 12) in base 10?
1
What is 120 (base 3) in base 7?
21
4 (base 10) to base 7
4
Convert -1022 (base 4) to base 7.
-134
-140 (base 8) to base 4
-1200
85 (base 9) to base 3
2212
What is 4 (base 14) in base 2?
100
162 (base 11) to base 13
117
What is d0 (base 15) in base 5?
1240
-2 (base 11) to base 2
-10
Convert 15 (base 9) to base 14.
10
What is -1000 (base 3) in base 16?
-1b
Convert 0 (base 15) to base 5.
0
Convert 30 (base 4) to base 13.
c
Convert 3 (base 13) to base 10.
3
0 (base 10) to base 14
0
Convert -100011 (base 2) to base 3.
-1022
Convert -16 (base 9) to base 12.
-13
Convert 1132 (base 4) to base 7.
163
-2011 (base 3) to base 16
-3a
What is -302 (base 5) in base 9?
-85
What is 0 (base 9) in base 4?
0
What is -30 (base 15) in base 2?
-101101
-8b (base 15) to base 7
-245
What is -11 (base 6) in base 2?
-111
Convert 20 (base 15) to base 16.
1e
What is -24 (base 8) in base 12?
-18
Convert -7 (base 12) to base 13.
-7
Convert -18 (base 14) to base 16.
-16
-412 (base 5) to base 13
-83
What is c (base 14) in base 16?
c
-2 (base 14) to base 4
-2
Convert -1 (base 9) to base 11.
-1
70 (base 15) to base 6
253
37 (base 13) to base 3
1201
Convert 5 (base 7) to base 12.
5
What is 233 (base 5) in base 15?
48
Convert -a9 (base 13) to base 5.
-1024
What is -3 (base 5) in base 3?
-10
Convert 45 (base 10) to base 7.
63
What is 16 (base 8) in base 10?
14
1 (base 15) to base 10
1
-127 (base 16) to base 10
-295
Convert 205 (base 10) to base 11.
177
What is -63 (base 8) in base 12?
-43
-11 (base 15) to base 6
-24
-6 (base 10) to base 12
-6
Convert 9 (base 16) to base 9.
10
125 (base 8) to base 9
104
What is 3d (base 15) in base 3?
2011
What is 13 (base 11) in base 13?
11
-10 (base 3) to base 8
-3
Convert -10101 (base 2) to base 15.
-16
What is 6 (base 12) in base 4?
12
Convert -1 (base 8) to base 9.
-1
What is -3 (base 11) in base 3?
-10
-14 (base 13) to base 15
-12
Convert -14 (base 13) to base 11.
-16
-261 (base 9) to base 4
-3121
Convert 7b (base 16) to base 15.
83
2 (base 16) to base 4
2
What is -bb (base 13) in base 9?
-181
Convert 41 (base 13) to base 7.
104
Convert -33 (base 7) to base 4.
-120
-522 (base 7) to base 5
-2021
What is 1 (base 5) in base 2?
1
Convert 3 (base 7) to base 3.
10
What is -120 (base 5) in base 15?
-25
Convert -1 (base 7) to base 6.
-1
Convert -d (base 15) to base 8.
-15
Convert -f (base 16) to base 13.
-12
What is 1011101 (base 2) in base 6?
233
3 (base 9) to base 15
3
Convert -15 (base 7) to base 4.
-30
Convert -31 (base 9) to base 7.
-40
What is 0 (base 11) in base 5?
0
What is -10 (base 3) in base 9?
-3
134 (base 5) to base 8
54
21 (base 3) to base 16
7
What is -2 (base 13) in base 16?
-2
-12 (base 4) to base 8
-6
What is -2 (base 7) in base 8?
-2
2 (base 15) to base 14
2
Convert -1 (base 13) to base 15.
-1
Convert 30 (base 10) to base 2.
11110
2 (base 15) to base 8
2
What is 6e (base 16) in base 9?
132
What is 3 (base 8) in base 16?
3
Convert -2 (base 7) to base 5.
-2
5 (base 12) to base 14
5
Convert -30 (base 13) to base 12.
-33
Convert -11110 (base 2) to base 12.
-26
63 (base 13) to base 10
81
What is 0 (base 12) in base 10?
0
-3 (base 4) to base 2
-11
Convert -2 (base 3) to base 15.
-2
-104 (base 5) to base 9
-32
2 (base 14) to base 13
2
Convert 14 (base 16) to base 9.
22
Convert 4 (base 8) to base 16.
4
What is -1 (base 2) in base 7?
-1
-3 (base 5) to base 6
-3
-24 (base 14) to base 2
-100000
Convert 3 (base 9) to base 3.
10
0 (base 2) to base 3
0
-79 (base 12) to base 10
-93
11b (base 14) to base 13
140
Convert -12 (base 6) to base 7.
-11
What is 4 (base 7) in base 8?
4
Convert 2 (base 3) to base 6.
2
What is 7 (base 9) in base 7?
10
4 (base 7) to base 11
4
Convert -111110 (base 2) to base 13.
-4a
157 (base 9) to base 3
11221
7 (base 9) to base 7
10
What is 1020 (base 3) in base 7?
45
-20 (base 3) to base 2
-110
What is 30 (base 5) in base 3?
120
-c5 (base 14) to base